late the greatest common divisor of 40 and 925.
5
Calculate the greatest common divisor of 31 and 589.
31
Calculate the greatest common factor of 23 and 391.
23
What is the greatest common factor of 1022 and 14?
14
What is the greatest common divisor of 4123 and 1064?
133
What is the greatest common factor of 1136 and 3479?
71
What is the greatest common factor of 28 and 399?
7
What is the highest common divisor of 6 and 6492?
6
Calculate the highest common factor of 171 and 6.
3
Calculate the highest common divisor of 627 and 57.
57
What is the highest common factor of 8 and 856?
8
What is the greatest common factor of 579 and 3667?
193
Calculate the highest common divisor of 3054 and 6.
6
What is the highest common divisor of 648 and 24?
24
What is the highest common divisor of 1496 and 11407?
187
Calculate the greatest common factor of 1096 and 137.
137
What is the greatest common divisor of 384 and 552?
24
Calculate the highest common factor of 573 and 2674.
191
What is the highest common divisor of 1599 and 41?
41
Calculate the highest common divisor of 15 and 4245.
15
What is the greatest common factor of 46 and 115?
23
What is the greatest common divisor of 1127 and 46?
23
Calculate the highest common divisor of 23 and 20286.
23
Calculate the highest common factor of 1960 and 80.
40
What is the greatest common factor of 522 and 81?
9
What is the greatest common factor of 240 and 560?
80
Calculate the highest common divisor of 32 and 1416.
8
Calculate the greatest common factor of 6 and 2916.
6
Calculate the highest common divisor of 14036 and 44.
44
What is the greatest common divisor of 38 and 26?
2
Calculate the highest common divisor of 6928 and 16.
16
What is the highest common factor of 255 and 3264?
51
Calculate the highest common divisor of 8 and 16.
8
What is the greatest common divisor of 402 and 285?
3
Calculate the greatest common factor of 4 and 1246.
2
Calculate the highest common divisor of 875 and 35.
35
Calculate the greatest common factor of 64 and 864.
32
Calculate the greatest common factor of 524 and 4.
4
Calculate the greatest common divisor of 6 and 4374.
6
Calculate the greatest common factor of 10 and 110.
10
What is the greatest common factor of 3876 and 17?
17
Calculate the highest common factor of 19 and 9785.
19
Calculate the highest common factor of 11066 and 22.
22
What is the greatest common divisor of 56 and 14084?
28
Calculate the greatest common divisor of 140 and 1240.
20
What is the highest common divisor of 153 and 9?
9
Calculate the greatest common factor of 204 and 5508.
204
Calculate the highest common divisor of 154 and 1672.
22
What is the highest common divisor of 59 and 17405?
59
What is the highest common factor of 150 and 225?
75
What is the greatest common divisor of 1161 and 7353?
387
What is the greatest common divisor of 400 and 650?
50
What is the greatest common divisor of 875 and 100?
25
Calculate the highest common divisor of 169 and 13.
13
What is the greatest common divisor of 2 and 50?
2
Calculate the highest common factor of 429 and 165.
33
What is the greatest common factor of 1222 and 282?
94
What is the greatest common factor of 28 and 176?
4
Calculate the highest common factor of 130 and 78.
26
What is the highest common divisor of 1690 and 884?
26
Calculate the greatest common divisor of 2799 and 117.
9
Calculate the greatest common divisor of 132 and 891.
33
What is the highest common divisor of 67 and 22177?
67
What is the highest common divisor of 85 and 2890?
85
Calculate the greatest common factor of 1387 and 76.
19
What is the greatest common factor of 147 and 15?
3
Calculate the greatest common factor of 99 and 11.
11
What is the greatest common factor of 26 and 3107?
13
Calculate the greatest common factor of 87 and 33.
3
Calculate the highest common divisor of 895 and 4654.
179
Calculate the highest common divisor of 364 and 14716.
52
Calculate the greatest common factor of 160 and 50.
10
Calculate the highest common divisor of 248 and 713.
31
What is the greatest common factor of 238 and 42?
14
What is the greatest common factor of 204 and 108?
12
Calculate the highest common factor of 531 and 153.
9
Calculate the highest common divisor of 169 and 39.
13
Calculate the highest common divisor of 156 and 1209.
39
Calculate the highest common divisor of 18 and 1818.
18
What is the greatest common divisor of 2629 and 11?
11
What is the highest common divisor of 38 and 209?
19
Calculate the highest common divisor of 87 and 58.
29
What is the greatest common divisor of 31148 and 52?
52
Calculate the greatest common divisor of 429 and 312.
39
Calculate the greatest common divisor of 35121 and 69.
69
What is the greatest common factor of 3520 and 80?
80
What is the greatest common divisor of 3072 and 9?
3
What is the highest common divisor of 88 and 198?
22
What is the greatest common factor of 15 and 2215?
5
What is the highest common factor of 80 and 32?
16
What is the highest common factor of 75 and 575?
25
What is the highest common factor of 536 and 68?
4
Calculate the highest common factor of 1216 and 64.
64
What is the greatest common divisor of 25 and 200?
25
What is the greatest common divisor of 93 and 67890?
93
Calculate the greatest common factor of 120 and 3990.
30
Calculate the greatest common divisor of 198 and 18.
18
What is the highest common divisor of 176 and 6424?
88
What is the greatest common factor of 153 and 969?
51
What is the highest common factor of 52 and 6188?
52
What is the greatest common divisor of 13 and 91?
13
Calculate the greatest common divisor of 3828 and 435.
87
What is the greatest common factor of 540 and 72?
36
Calculate the highest common factor of 81 and 189.
27
What is the highest common factor of 115 and 13271?
23
Calculate the highest common divisor of 46 and 1633.
23
Calculate the greatest common factor of 5 and 340.
5
What is the highest common divisor of 106 and 53?
53
What is the highest common divisor of 836 and 912?
76
What is the highest common factor of 470 and 4465?
235
Calculate the greatest common divisor of 64 and 608.
32
What is the highest common divisor of 65 and 208?
13
Calculate the highest common divisor of 170 and 30.
10
What is the highest common divisor of 9169 and 53?
53
Calculate the greatest common factor of 1358 and 21.
7
Calculate the highest common factor of 26635 and 35.
35
What is the greatest common divisor of 1550 and 62?
62
Calculate the greatest common factor of 9 and 17991.
9
What is the highest common divisor of 3000 and 24?
24
What is the greatest common divisor of 3 and 1329?
3
What is the greatest common factor of 1908 and 106?
106
Calculate the greatest common divisor of 57 and 228.
57
Calculate the highest common factor of 10 and 130.
10
Calculate the greatest common divisor of 29 and 3103.
29
Calculate the highest common factor of 14 and 7.
7
What is the highest common divisor of 38 and 171?
19
Calculate the highest common factor of 17 and 85.
17
What is the greatest common factor of 3789 and 72?
9
Calculate the greatest common factor of 85 and 629.
17
What is the highest common factor of 4 and 34?
2
What is the highest common factor of 8700 and 200?
100
Calculate the highest common factor of 450 and 540.
90
What is the greatest common divisor of 14 and 74522?
14
Calculate the highest common divisor of 301 and 77.
7
What is the highest common factor of 36 and 60?
12
What is the highest common divisor of 35 and 1645?
35
Calculate the greatest common divisor of 60 and 1620.
60
What is the highest common factor of 80 and 2080?
80
Calculate the highest common divisor of 48 and 1104.
48
Calculate the highest common factor of 315 and 3843.
63
What is the greatest common factor of 20 and 1390?
10
What is the highest common factor of 30555 and 582?
291
What is the greatest common divisor of 2967 and 43?
43
What is the highest common factor of 8 and 948?
4
Calculate the greatest common factor of 147 and 42.
21
Calculate the greatest common factor of 60 and 55.
5
Calculate the greatest common factor of 64 and 7344.
16
Calculate the greatest common factor of 2407 and 29.
29
Calculate the highest common factor of 1578 and 10783.
263
What is the greatest common divisor of 16 and 1?
1
What is the